he units digit of w?
6
Let d(s) = 51*s**2 - 288*s + 3410. What is the thousands digit of d(13)?
8
Let u = -11 + 9. Let g be u/(-10) + 4117/115. Suppose 4*y = 0, -5*q + 19 = -4*y - g. What is the tens digit of q?
1
Let r = 41 + -89. Let q = 58 + r. What is the units digit of (7*3)/(15/q)?
4
Let y be (-2067)/(-143) + 18/33. Suppose -2092 = 13*d - y*d. What is the thousands digit of d?
1
Let i be (1 + 1)/1 - -244. Suppose 2*n - 5*n + 2*f = -1085, n + 2*f = 359. Let g = n - i. What is the tens digit of g?
1
Suppose -5*u + 149 = -v, 4*u - 3*u - 4*v = 45. Let t = u + 76. What is the tens digit of t?
0
Let c = 48 - 48. Suppose 16 = -c*l - 8*l. What is the tens digit of 363/4 + l/(-8)?
9
Let f be 2 - (0 - (-12)/6). Suppose -995 = -4*t + 3*i + 947, -5*i + 10 = f. What is the hundreds digit of t?
4
Let g = -11 - -6. Let f(x) = -7*x**2 + 5. Let y(o) = -16*o**2 - o + 9. Let w(v) = -5*f(v) + 2*y(v). What is the tens digit of w(g)?
7
Let n = -25 - -21. Let h = -1 - n. Suppose -69 = h*q - 4*q. What is the units digit of q?
9
What is the units digit of 7*(6 + (-39501)/(-49))?
5
What is the tens digit of (-1602942)/(-154) - 2/7*-1?
0
Let l be ((-16)/20)/(2/(-10)). Let n(x) = -46*x + 212. Let p be n(2). Suppose o - p = -l*o. What is the units digit of o?
4
Suppose o + o = -12. Let l be 4/o - 96/(-36). Suppose -7*d + l*d = -215. What is the tens digit of d?
4
Suppose 260 = 5*i + 25. Let v be (-3)/((-189)/14) - (-860)/18. Let c = v - i. What is the units digit of c?
1
Suppose -72*q + 12415199 = 54*q + 3374699. What is the units digit of q?
0
What is the tens digit of -3 - (-20826)/19 - (-10 + (-2112)/(-209))?
9
Let f be 4 + (-18)/21 - 1/7. Suppose -4*y - c = -6*c + 397, -292 = f*y + 2*c. What is the units digit of 0 + -1 - y - 1?
6
Suppose -2*x + 63240 = 4*o, 65*o - 69*o + 4*x = -63216. What is the hundreds digit of o?
8
Suppose 0 = 3*g + 6, 7*g = -b + 10*g + 21282. What is the hundreds digit of b?
2
Suppose 31*z = -13*z - 3*z + 788190. What is the units digit of z?
0
Suppose 0 = -171*d + 187*d - 111584. What is the hundreds digit of d?
9
Let v = -26 + 29. Let i be v/(-6)*-1 + 740/8. Suppose f + 2 = -3*z + i, 4*z + f = 121. What is the tens digit of z?
3
Let x(a) = -3*a - 44. Let b be x(-17). Suppose -25*p = -b*p - 720. What is the units digit of p?
0
Let c = -175 + 185. What is the tens digit of ((-424)/c)/(28/(-70))?
0
Let y = -374 + 374. What is the tens digit of 6 + -1 + (869 - (3 - y))?
7
Let t(p) = -44*p**2 + 5*p. Suppose 4*m = -4 + 16. Let x be t(m). Let b = x - -534. What is the tens digit of b?
5
Let z(g) = -g**3 + 12*g**2 + 3*g - 5. Let o be z(11). Let j = -135 + o. What is the tens digit of j?
1
Let j(y) = 2*y**3 - y**2 + y + 3. Let k be j(0). Suppose -4*h - k*h = -14. Suppose -5*z = -h*z - 129. What is the tens digit of z?
4
Suppose 0 = -11*b + 7*b + 9*b - 332355. What is the tens digit of b?
7
Let s = -14029 - -32261. What is the ten thousands digit of s?
1
Let v(x) = -58*x**2 - 3*x + 1. Let a be v(1). Let u = a + 49. Let r(g) = g**2 + g - 36. What is the tens digit of r(u)?
7
Let t = -806 - -1153. Let s = t - 164. What is the tens digit of s?
8
Let a(m) = 11*m - 1. Suppose -60 = -4*w - 2*w. Suppose -5*v + r + 0 + 5 = 0, -2*r = -w. What is the units digit of a(v)?
1
Let m = -1092 - -3034. What is the thousands digit of m?
1
Let u = 5863 + -4498. What is the thousands digit of u?
1
Let s = 8175 - 1788. What is the thousands digit of s?
6
Suppose 259 = b - 5*r, -2*r = 5*b - 3*b - 458. What is the hundreds digit of b?
2
Let w = 2729 - 1369. Suppose -5*a = -5325 - w. What is the thousands digit of a?
1
Suppose 3*j = -15, a = 5*j - 1109 + 7587. Suppose 20*k + a = 28333. What is the hundreds digit of k?
0
Suppose j + 20 = -0*j. Let r = j - -22. Suppose 53 = r*a - 91. What is the tens digit of a?
7
Suppose -5*w = 3*f - 28, -6*w + w - f + 26 = 0. Let l be 4 - 1 - (w - 4). Suppose 5*c - l*p - 165 = -41, 61 = 2*c + 3*p. What is the units digit of c?
6
Let x(p) = 30*p - 5. Let t be x(2). Suppose 240 = -t*q + 59*q. What is the tens digit of q?
6
Suppose 15*s = 780 + 1305. Let g = s + 184. What is the units digit of g?
3
Let m = 96727 + -44856. What is the hundreds digit of m?
8
Suppose 1957 + 6304 = -11*m. Let c be (m/3 - -1)/((-8)/36). Suppose -5*j + c = j. What is the tens digit of j?
8
Suppose 37*m = 38*m - 10145. Suppose -m - 10855 = -28*a. What is the tens digit of a?
5
Let q = 42075 - 2759. What is the hundreds digit of q?
3
Let i(c) = -c + 75. Let u be i(22). Suppose 58*l - u*l - 3575 = 0. What is the hundreds digit of l?
7
Let y(v) be the first derivative of -69*v**2/2 + 10*v + 612. Let i(m) = m**3 - 6*m**2 + 6*m - 7. Let g be i(5). What is the tens digit of y(g)?
4
Let b be 1*-7 + 1 + 1. Suppose -5*i + 11 = 4*q, 8*q = -i + 12*q + 7. What is the tens digit of -60*(-10)/i - (b + 8)?
9
Let v = 1070 - 3723. What is the units digit of ((-44)/(-77))/((-2)/v)?
8
Let f be ((-440)/(-25))/((-1)/(-5)). Let h = f + -60. Suppose -b + h = -4*p, b - 5*p = -4*b + 95. What is the units digit of b?
6
Let g be 246/10 + (-2)/(-10)*2. Let p = 25 - g. Suppose -3*q - 6 = p, 6*q - 3*q = -o + 44. What is the tens digit of o?
5
Suppose -12*o + 14*o + 5*i - 3120 = 0, -3*o + 4671 = 3*i. Let m = o - -48. What is the thousands digit of m?
1
Let s(p) = -3*p**3 - 10*p**2 - 13*p - 9. Let t be s(-6). Suppose 0 = 3*k - l - l - 359, 3*k = 3*l + t. Let o = -75 + k. What is the tens digit of o?
4
Let b(d) = -36*d**3 + 17*d**2 + 97*d - 15. What is the hundreds digit of b(-7)?
4
Suppose -14*k = 11*k. Suppose k = -3*g - 5*d + 2316 - 942, -g - 5*d = -458. What is the hundreds digit of g?
4
Let v = 87 - 85. What is the tens digit of 2 - 1 - (-1 - 57 - v)?
6
Let t(i) be the third derivative of -i**5/60 + i**4/4 + 2*i**3 + 35*i**2. Let j be t(-2). What is the units digit of (-11)/((-44)/224)*(-5)/j?
0
Let s = 166 - 160. What is the units digit of (9/s)/((-705)/(-696) + -1)?
6
Suppose 0 = 2*x + 17*p - 20*p - 5467, -2*x - 2*p + 5442 = 0. Suppose 0 = -16*t - x + 9526. What is the tens digit of t?
2
Let s(c) = c**3 + 5*c**2 - 3*c + 15. Let q be s(7). Suppose 0 = 4*x - q - 734. What is the hundreds digit of x?
3
Suppose s = -3*z + 7243, 0*z + 3*z - 2*s - 7249 = 0. Suppose 9*o = 4*o + z. What is the hundreds digit of o?
4
Suppose 5*w - y + 5 + 2 = 0, 2*y = -4*w. What is the hundreds digit of (1/(-2))/(w/712)?
3
Suppose g - 4*b = 35 - 51, -g + b - 1 = 0. Suppose 0 = -t - t + 8. Suppose g*z = q - 5*q + 640, 650 = t*q - z. What is the tens digit of q?
6
Let l be 4 + ((-6)/(-27) - 20/9). Suppose l*r = -20*r + 7502. What is the tens digit of r?
4
Let k be ((-14)/6)/(2/(-6)). Let a = -8110 - -8112. Suppose a*h - 372 = b, 2*h - 2*b + 921 = k*h. What is the hundreds digit of h?
1
Suppose -3*i - 4*m + 137028 = 0, -72*i + 2*m + 91366 = -70*i. What is the hundreds digit of i?
6
Let p(m) = -7*m + 299. Let k be p(42). What is the hundreds digit of -4 + 4 + k + 523?
5
What is the hundreds digit of 9558 + ((-215)/(-129))/(4/((-72)/15))?
5
Suppose c - 6*c - u = -72, 3*c - 48 = -3*u. Suppose -3*o - 7 = -4*y, -2*y - 3 = o - c. What is the tens digit of y + (3 - 4) + (2 - -110)?
1
Suppose 0 = 5*p - 30, -21*k = -19*k + p - 20228. What is the tens digit of k?
1
Let p be 102/(-663) - 7900/26. Let m = -55 - p. What is the tens digit of m?
4
Let n = 30732 + -13772. What is the hundreds digit of n?
9
Suppose -5*z + 5*t - 20 = 0, -z = -3*t + 9 + 1. Let j be 6 + (-1 - z - 3). Suppose -j*h - 516 = -3*s - 0*h, -s - 3*h + 172 = 0. What is the units digit of s?
2
Suppose -3*p = 2*u + 40, 4*u - 11 = 3*p + 17. Let m be 0 + p/1 - 0/(-10). Let d(q) = -23*q - 40. What is the tens digit of d(m)?
3
Let k(m) = 0*m**3 + 14*m - 5*m**2 + 14*m**2 + m**3 + 2. Suppose 714*p - 707*p + 28 = 0. What is the tens digit of k(p)?
2
What is the hundreds digit of -7*6247*(33/11*-4 + 11)?
7
Let a(l) = 39*l**2 + 92*l + 180. What is the hundreds digit of a(-2)?
1
Suppose -19*t = -l - 23*t - 3331, 0 = -4*l + 4*t - 13284. Let z = l + 5000. What is the tens digit of z?
7
What is the thousands digit of 2/15 + (1578396/180 - 9)?
8
Let d(z) = z**2 - 6*z + 8. Let c be 0 - -3 - (-18)/18. Let u be d(c). Suppose 2*b = -u*b + 104. What is the tens digit of b?
5
Let p = 722 - 745. Let k(s) = 3*s**2 + 5*s - 195. What is the tens digit of k(p)?
7
Let p(i) = -88*i + 30